ors of f?
2, 7
List the prime factors of (-27)/(-6)*(-10540)/(-93).
2, 3, 5, 17
Let s(k) = 1363*k - 1. Let y be s(1). Suppose -4*p + y = 5*x - 5*p, 2*p = 6. What are the prime factors of x?
3, 7, 13
Suppose 4*y - 12 - 4 = 0. Suppose 11 = -3*a + 4*f - 5*f, -a - y*f = 0. Let l = 7 + a. List the prime factors of l.
3
List the prime factors of 2*-38*618/(-24).
19, 103
Suppose 0 = q + 2, -2*g - 4*q + 9*q - 12 = 0. Let l = 3 + -7. Let t = l - g. What are the prime factors of t?
7
Let s be -1 + -1 + 1 + 3. Suppose 8*f = 12*f - 5*f. Suppose s*n - 3*n + 3*i + 20 = f, 4*i = n - 25. List the prime factors of n.
5
Let z = 119 - -513. List the prime factors of z.
2, 79
Suppose 2*c - 5*c = 0. Suppose c = 4*k - 0*k + 2*s - 234, 0 = 2*k - 4*s - 132. What are the prime factors of k?
2, 3, 5
Suppose -2*y - 14 = -2*i - 3*i, 0 = -5*y - 10. Suppose 5*v = i*v + 84. List the prime factors of v.
2, 7
Suppose b = u + 746 - 5364, 4*b + 23095 = 5*u. What are the prime factors of u?
3, 23, 67
What are the prime factors of (778 - -2) + (-1)/(4/16)?
2, 97
Let o be 19/3 + (-2)/6. Suppose o*q - q - 20 = 0. Suppose -f + 59 = q*m, -2*f - 32 = -4*m + 2*m. List the prime factors of m.
3, 5
Let f(g) = 15*g + 3. Suppose 2*y = 5*n - 17, 2*y = -4*n - 0*n + 28. Let j be f(n). Let d = -55 + j. What are the prime factors of d?
23
Suppose 2*i - r - 14 = -0*i, -2*i + 2*r = -12. Let x be 8 - i*(-4)/(-8). Suppose 16 + x = k. List the prime factors of k.
2, 5
Let b(k) = 246*k + 19. List the prime factors of b(12).
2971
Let b(v) = 198*v**2 - 2*v - 2. What are the prime factors of b(-1)?
2, 3, 11
Let w = -146 - -404. Suppose 4*v + 2*v - w = 0. What are the prime factors of v?
43
Let i = -5 + -7. Let m be (-2)/(-9) - 12/54. List the prime factors of 21 + (-3)/i*m.
3, 7
Let r(y) = y**2 - 3*y - 9. Let a be r(7). Suppose 2*s = -b + a, b = -0*s - s + 18. List the prime factors of b.
17
Let y = 3 - 3. Let s(m) = m + 3*m**3 + 0*m**3 + m**2 + 10 - 2*m**3. List the prime factors of s(y).
2, 5
Suppose -2*n + 3*n - 4 = 0. Suppose 5*d - 2*d - 32 = n*c, -3*d = -5*c - 28. Let i(v) = v**2 - 12*v - 13. What are the prime factors of i(d)?
3, 17
Let i(a) = -a - 8. Let s be i(-12). Suppose 0 = -3*p + 15, s*p - 3*p = -2*x + 461. What are the prime factors of x?
2, 3, 19
Suppose -4*l = j - l - 540, -4*j + l = -2095. List the prime factors of j.
3, 5, 7
Let o(f) = -2 + 2 + 1 - 51*f. What are the prime factors of o(-1)?
2, 13
Let q be (-46)/(-10) - (-9)/(-15). Suppose -q*a + 40 = 4*m - 3*a, -4*a = -4*m + 40. What are the prime factors of m?
2, 5
Let c(o) = 79*o**2 + 1. Let v be c(-1). Let l be (6/(-15))/((-2)/v). Let j = l + 6. List the prime factors of j.
2, 11
Let h(g) = -g**3 - 17*g**2 - 8*g + 29. List the prime factors of h(-17).
3, 5, 11
Suppose 0 = -12*h + 3873 + 303. List the prime factors of h.
2, 3, 29
Let a(v) = -v**3 - 9*v**2 - 17*v - 68. Let o be a(-8). Suppose 0 = -3*f + 23 + 10. Suppose o*x - f*x = -315. List the prime factors of x.
3, 5
Suppose -2*x = -3*x + 3. Let r(k) = -k**2 + 5*k + 2. Let q be r(x). List the prime factors of 33 - (-4)/q*-2.
2
Suppose -10 = -2*t, b - 3*t - 609 = -157. List the prime factors of b.
467
Let u = -1333 - -2256. List the prime factors of u.
13, 71
Let r = 5277 + -2833. List the prime factors of r.
2, 13, 47
Let a be (-2 + 1)*(8 - 10). Suppose -5*u = -4*z - 424, 5*u - a*z - 432 = -0*z. Suppose 22 - u = -3*t. What are the prime factors of t?
2, 11
Let n(j) = 4*j - 29. Let p be n(7). What are the prime factors of (-1 - -172) + -6 + (3 - p)?
13
Let u = -3 + 12. Suppose 3*m = 4*h + 13, h + u + 7 = 5*m. Suppose -4*y - m*d - 2*d = -78, 0 = -5*d - 10. List the prime factors of y.
2, 11
Suppose -2*c + 415 = -c - 2*m, -1600 = -4*c - 4*m. List the prime factors of c.
3, 5
Suppose 2*d + r - 9 = 3*d, 9 = -d - 2*r. Let b be (-3)/(0 + (-2)/12). Let o = b + d. List the prime factors of o.
3
What are the prime factors of 3/(-8) + (-3)/(168/(-35413))?
2, 79
Suppose -406 = -4*v + 2*v + 2*n, 3*n - 579 = -3*v. What are the prime factors of v?
2, 3, 11
Suppose 0*x - 5*x - 5*f + 35 = 0, -4*x - 3*f + 27 = 0. Suppose 6 = x*v - 30. Suppose g + 3*t - v - 14 = 0, 5*g = 4*t + 119. What are the prime factors of g?
23
Let r(v) = 246*v**2 + 28*v + 55. What are the prime factors of r(-2)?
983
Let y be ((-12)/(-8) + -2)*0. Suppose -j + y*j + 71 = 0. Let b = -46 + j. What are the prime factors of b?
5
Let i = 44 + -29. List the prime factors of (-30)/i - (-133)/1.
131
Let i = -7 + 10. Suppose 0 = -i*x + 7 - 19, 5*c - 32 = 3*x. Suppose 2*b - c*m - 50 = 0, -4*b - 2*m + 100 = -4*m. List the prime factors of b.
5
Let r be 1/(-1*(3 + -2))*6. List the prime factors of (32/r)/(((-14)/(-24))/(-7)).
2
Suppose -13*x - 144942 = -62*x. What are the prime factors of x?
2, 3, 17, 29
Let m = 211 - 209. List the prime factors of m.
2
Suppose 4*k - 16 = 0, 0 = 8*y - 9*y + 4*k + 815. What are the prime factors of y?
3, 277
Let c(t) = -27*t**3 - 16*t**2 + 9*t - 11. What are the prime factors of c(-6)?
29, 179
Let i(z) = z**2 - 6*z + 5. Let s be i(1). Suppose s = n + 5*b - 74, -2*n = -5*b - 119 - 59. What are the prime factors of n?
2, 3, 7
Let h(w) = -w**3 + 7*w**2 + 4*w + 1. List the prime factors of h(6).
61
Suppose 8535*b - 8533*b - 2254 = 0. What are the prime factors of b?
7, 23
Let m(n) = 4*n + 11. Let d = 14 - 11. Suppose d*v = 7*x - 2*x + 5, 5*x - 5 = v. List the prime factors of m(v).
31
Let x(s) = 59*s**3 - 3*s + 4*s - 2 + 0*s + s**2. Let u(w) = w**2 + 14*w + 34. Let i be u(-11). What are the prime factors of x(i)?
59
Suppose x - 5*x = -4. Let m be (1 - 6)*x/(-1). Suppose -4*l + 0*l + 4*d = -128, -2*l = -m*d - 58. What are the prime factors of l?
2, 17
Suppose 3*z = -153 - 75. Let w = 30 - 158. Let o = z - w. List the prime factors of o.
2, 13
Let q(v) = -v**3 - 21*v**2 - 5. Let f be q(-21). List the prime factors of (f + 1)/(124/64 - 2).
2
Suppose -15*z = -4382 + 1457. List the prime factors of z.
3, 5, 13
Let z = 10 + -10. Let q be (z - 2) + 4 + -5. List the prime factors of ((-46)/6 - -2)*q.
17
Let x = 13 + 196. What are the prime factors of x?
11, 19
Let b be 10/(-15) - (-2508)/9. Suppose 3*p - b = 4*y, -4*p + 354 = -3*y + y. List the prime factors of p.
2, 43
What are the prime factors of ((-8516)/4 - -10)*-1?
13, 163
What are the prime factors of (-4)/16 + (0 - 10760/(-32))?
2, 3, 7
Suppose -3*w - y + 638 + 148 = 0, -w + 257 = 2*y. List the prime factors of w.
263
Let g(q) = -35*q**3 - q**2 + 14*q**3 + 108 - 52 - q - 52. What are the prime factors of g(-2)?
2, 5, 17
Let t be 4/2*(-10)/(-4). Suppose f - 74 = -5*z, 4*z - 370 = -t*f + 3*z. Suppose -2*r - 4*u = r - f, 4*u - 20 = 0. List the prime factors of r.
2, 3
Let o be (-1739)/(-5) + ((-28)/10 - -3). Suppose -5*r = -o - 322. What are the prime factors of r?
2, 67
Suppose l + l + 449 = -3*h, h - 5*l + 178 = 0. What are the prime factors of 6/(-24) + h/(-4)?
2, 19
Let v = 1534 - 385. What are the prime factors of v?
3, 383
Let m = -21 + 41. Suppose -m = -2*i + 4*p, -2*i + 9 - 1 = -p. Let n(h) = 8*h**2 - 4*h + 2. What are the prime factors of n(i)?
2, 13
Suppose -35 = 7*v - 119. What are the prime factors of 115 + 0*3/v?
5, 23
Suppose 2*q + 20 = 3*a, 5*q + a - 4*a = -68. Let c = 143 + q. List the prime factors of c.
127
Suppose -2*b = 127 - 663. List the prime factors of b.
2, 67
Suppose 3*g = -5*y + 63, -3*y + 5*g - 5 + 36 = 0. Suppose -273 = y*a - 15*a. List the prime factors of a.
7, 13
Suppose -10 = 2*p, 3*d + d = 2*p - 30. Let a(i) = 1. Let q(z) = z**2 + 15*z + 7. Let k(r) = -6*a(r) - q(r). What are the prime factors of k(d)?
37
Suppose -75*x = -71*x - 716. What are the prime factors of x?
179
Let d(g) = g**3 + 6*g**2 + 4*g + 3. Let f be (3/(-1))/(33/(-22)). Suppose 1 = -j - f. What are the prime factors of d(j)?
2, 3
Let b(s) = -s**3 - s**2 - s + 5. Let f be b(0). Suppose -5*x + x - 704 = -3*n, f*n - 1177 = 3*x. Suppose l + 3*l - n = 0. What are the prime factors of l?
59
Let r(k) be the second derivative of -k**5/20 + 3*k**4/4 + 13*k**3/6 - 5*k**2 + 70*k. Let o = -15 - -25. List the prime factors of r(o).
2, 5
Let x be (100/75)/((-1)/6). Let u = 108 - x. List the prime factors of u.
2, 29
Let x(v) = -262*v - 7. List the prime factors of x(-4).
3, 347
Suppose 0 = -5*d - a - 45, 2*d = a - 4*a - 31. Let m = -4 - d. List the prime factors of m.
2
Let 